7 is divided by 95.
92
Calculate the remainder when 7670443 is divided by 273943.
39
Calculate the remainder when 89292 is divided by 919.
149
Calculate the remainder when 3416939 is divided by 142.
135
What is the remainder when 120431197 is divided by 3364?
3361
Calculate the remainder when 432126877 is divided by 2963.
2957
What is the remainder when 51263781 is divided by 771?
762
What is the remainder when 15776610 is divided by 2781?
2778
What is the remainder when 840312 is divided by 210076?
8
What is the remainder when 3360284 is divided by 1392?
1388
Calculate the remainder when 660825 is divided by 110135.
15
Calculate the remainder when 24847 is divided by 12286.
275
Calculate the remainder when 99768529 is divided by 769.
7
What is the remainder when 26545 is divided by 5273?
180
Calculate the remainder when 308342 is divided by 44048.
6
Calculate the remainder when 476278 is divided by 3354.
10
What is the remainder when 1199610 is divided by 284?
278
What is the remainder when 1712756 is divided by 30?
26
What is the remainder when 134055 is divided by 1667?
695
What is the remainder when 570824 is divided by 10192?
72
Calculate the remainder when 220749 is divided by 8828.
49
Calculate the remainder when 241733 is divided by 1845.
38
What is the remainder when 1178757 is divided by 2286?
1467
Calculate the remainder when 1006152 is divided by 2417.
680
What is the remainder when 31248 is divided by 9920?
1488
What is the remainder when 461509 is divided by 41897?
642
Calculate the remainder when 275426 is divided by 564.
194
What is the remainder when 56440 is divided by 1026?
10
What is the remainder when 495750 is divided by 247856?
38
What is the remainder when 247803 is divided by 17006?
9719
What is the remainder when 79271870 is divided by 4403990?
50
Calculate the remainder when 1301377 is divided by 12899.
11477
What is the remainder when 5045321 is divided by 1205?
1191
What is the remainder when 102124 is divided by 110?
44
What is the remainder when 4051875 is divided by 900?
75
What is the remainder when 612330 is divided by 305967?
396
Calculate the remainder when 12568062 is divided by 6054.
6012
Calculate the remainder when 86297652 is divided by 5.
2
Calculate the remainder when 135719419 is divided by 32.
27
Calculate the remainder when 149594 is divided by 1026.
824
Calculate the remainder when 2297227 is divided by 636.
631
Calculate the remainder when 2545517 is divided by 115705.
7
What is the remainder when 50375484 is divided by 191?
189
What is the remainder when 388183797 is divided by 31?
30
Calculate the remainder when 8186931 is divided by 23.
12
What is the remainder when 31379526 is divided by 114?
0
Calculate the remainder when 855048901 is divided by 54.
49
What is the remainder when 50030 is divided by 2419?
1650
Calculate the remainder when 21574805 is divided by 2721.
2717
What is the remainder when 10004 is divided by 111?
14
Calculate the remainder when 5940296 is divided by 1485063.
44
What is the remainder when 44565 is divided by 1147?
979
Calculate the remainder when 125163 is divided by 567.
423
What is the remainder when 103879 is divided by 2814?
2575
What is the remainder when 315527 is divided by 2585?
157
What is the remainder when 313345508 is divided by 745?
743
Calculate the remainder when 56357223 is divided by 11.
10
What is the remainder when 374773 is divided by 888?
37
What is the remainder when 77586 is divided by 77516?
70
What is the remainder when 3334826 is divided by 691?
60
What is the remainder when 11028 is divided by 4222?
2584
What is the remainder when 560682 is divided by 79763?
2341
What is the remainder when 5017722 is divided by 389?
11
What is the remainder when 6489057 is divided by 44?
25
Calculate the remainder when 59200743 is divided by 2223.
30
Calculate the remainder when 56157 is divided by 182.
101
Calculate the remainder when 281890 is divided by 3277.
68
What is the remainder when 423981 is divided by 532?
509
What is the remainder when 48709460 is divided by 19?
15
What is the remainder when 132236 is divided by 66110?
16
What is the remainder when 6889880 is divided by 8?
0
Calculate the remainder when 697546 is divided by 348756.
34
Calculate the remainder when 694330 is divided by 28.
14
Calculate the remainder when 1212701 is divided by 1212584.
117
Calculate the remainder when 1560090 is divided by 15.
0
What is the remainder when 1097152 is divided by 8432?
992
What is the remainder when 20984543 is divided by 150?
143
What is the remainder when 215132788 is divided by 3842?
3840
What is the remainder when 242408 is divided by 48481?
3
What is the remainder when 2494265 is divided by 647?
80
Calculate the remainder when 11518845 is divided by 396.
393
Calculate the remainder when 5622 is divided by 2493.
636
Calculate the remainder when 46954 is divided by 3604.
102
Calculate the remainder when 15391626 is divided by 641313.
114
What is the remainder when 111663 is divided by 4449?
438
Calculate the remainder when 20876 is divided by 10333.
210
What is the remainder when 980859 is divided by 14010?
159
What is the remainder when 9915 is divided by 337?
142
Calculate the remainder when 399633 is divided by 399599.
34
What is the remainder when 187561232 is divided by 40?
32
What is the remainder when 1974198 is divided by 53355?
63
Calculate the remainder when 1242158 is divided by 155253.
134
Calculate the remainder when 14280912 is divided by 7140439.
34
Calculate the remainder when 3541638 is divided by 885390.
78
Calculate the remainder when 108213 is divided by 53975.
263
What is the remainder when 287834 is divided by 2482?
2404
Calculate the remainder when 151398888 is divided by 1487.
1470
What is the remainder when 193870212 is divided by 2461?
15
Calculate the remainder when 5054127 is divided by 10.
7
What is the remainder when 172958 is divided by 171651?
1307
Calculate the remainder when 49549977 is divided by 936.
9
Calculate the remainder when 67219418 is divided by 248.
10
What is the remainder when 212224 is divided by 70411?
991
Calculate the remainder when 566955 is divided by 31445.
945
What is the remainder when 29644120 is divided by 48?
40
What is the remainder when 613843 is divided by 107?
91
What is the remainder when 1607192 is divided by 17?
12
Calculate the remainder when 771131 is divided by 22680.
11
What is the remainder when 162928 is divided by 2625?
178
What is the remainder when 4129541 is divided by 587?
583
Calculate the remainder when 2432105 is divided by 54.
53
Calculate the remainder when 1565998 is divided by 307.
298
What is the remainder when 396111 is divided by 3634?
5
Calculate the remainder when 4367674 is divided by 144.
10
What is the remainder when 4025603 is divided by 35?
8
What is the remainder when 3650248 is divided by 178?
2
Calculate the remainder when 8095254 is divided by 460.
174
Calculate the remainder when 19735 is divided by 6301.
832
Calculate the remainder when 119140605 is divided by 32.
29
What is the remainder when 147175 is divided by 49004?
163
What is the remainder when 340200 is divided by 7210?
1330
What is the remainder when 2435576 is divided by 12?
8
Calculate the remainder when 48742788 is divided by 23.
15
What is the remainder when 116772 is divided by 1162?
572
What is the remainder when 132592 is divided by 22022?
460
What is the remainder when 284300 is divided by 2383?
723
What is the remainder when 6150974 is divided by 403?
388
What is the remainder when 218307 is divided by 16786?
89
Calculate the remainder when 79270481 is divided by 435.
431
Calculate the remainder when 524824867 is divided by 2442.
2437
What is the remainder when 36951 is divided by 5219?
418
Calculate the remainder when 2077012 is divided by 6700.
12
Calculate the remainder when 178507 is divided by 4247.
133
What is the remainder when 7476195 is divided by 48?
3
Calculate the remainder when 891866 is divided by 35.
31
What is the remainder when 718792619 is divided by 42?
41
What is the remainder when 924066 is divided by 1624?
10
Calculate the remainder when 2713765 is divided by 5527.
8
Calculate the remainder when 456 is divided by 441.
15
Calculate the remainder when 411474